on divisor of 1364820 and 34572.
516
What is the greatest common factor of 14449342 and 2?
2
Calculate the highest common factor of 1690 and 1231165.
845
Calculate the highest common divisor of 324 and 385908.
12
Calculate the highest common divisor of 2664 and 131065137.
333
Calculate the greatest common factor of 174669 and 477950.
869
Calculate the highest common factor of 25008060 and 210.
210
What is the highest common factor of 12123 and 5953291?
449
What is the greatest common factor of 53784 and 8406504?
648
What is the highest common factor of 224190 and 75?
15
What is the greatest common divisor of 133144 and 2533?
17
What is the greatest common divisor of 10192 and 4899804?
2548
Calculate the highest common factor of 6216 and 40716872.
2072
Calculate the highest common divisor of 7808 and 46464.
128
What is the greatest common factor of 2365 and 56834605?
215
What is the greatest common divisor of 663102 and 72556?
374
What is the highest common divisor of 117760 and 1528120?
920
Calculate the highest common factor of 121204342 and 2254.
2254
Calculate the greatest common factor of 89081847 and 18.
9
What is the greatest common divisor of 30 and 17342750?
10
What is the greatest common divisor of 35156811 and 13225?
529
Calculate the greatest common factor of 819823232 and 2176.
2176
What is the greatest common divisor of 69698397 and 1044?
87
Calculate the highest common divisor of 918186 and 46140.
4614
What is the greatest common divisor of 1169 and 19373837?
1169
Calculate the greatest common divisor of 797630 and 2158.
166
What is the greatest common divisor of 33727766 and 1726?
1726
Calculate the greatest common factor of 130724 and 1980.
44
What is the highest common divisor of 49 and 198126600?
49
What is the highest common divisor of 962612261 and 13364?
3341
Calculate the highest common divisor of 25805710 and 175.
35
What is the greatest common factor of 19625157 and 76?
19
What is the greatest common divisor of 1330 and 758620?
10
Calculate the highest common factor of 20792 and 75256.
184
Calculate the highest common divisor of 10465 and 589490.
115
What is the greatest common factor of 8793564 and 260?
52
Calculate the greatest common divisor of 9018 and 10274842.
334
What is the greatest common divisor of 426 and 8664?
6
What is the highest common factor of 182771960 and 4704?
392
What is the highest common divisor of 176 and 9883852?
44
What is the highest common divisor of 391 and 36115582?
17
What is the highest common factor of 57429 and 223239285?
6381
What is the greatest common factor of 76 and 845534200?
76
What is the highest common factor of 22960202 and 1258?
74
What is the greatest common factor of 2676531 and 5304?
663
What is the highest common divisor of 52524888 and 208?
104
What is the greatest common divisor of 3065 and 734757125?
3065
What is the highest common divisor of 2484000 and 505080?
8280
Calculate the highest common divisor of 527534 and 518306.
1538
What is the greatest common factor of 20772 and 7289748?
36
What is the highest common divisor of 119 and 2681364?
7
What is the highest common divisor of 651144 and 437424?
312
What is the greatest common divisor of 42 and 119899689?
21
What is the highest common divisor of 216460290 and 2790?
930
What is the greatest common divisor of 1602268 and 70658?
206
Calculate the highest common factor of 10148 and 4045040.
236
Calculate the highest common factor of 123422 and 97666.
94
What is the highest common divisor of 2900 and 488128?
116
What is the highest common divisor of 732576 and 991443?
1761
Calculate the greatest common divisor of 1522 and 1498845053.
761
Calculate the highest common divisor of 1913656 and 629.
17
Calculate the greatest common factor of 7671402 and 108.
54
Calculate the greatest common divisor of 798065196 and 3516.
3516
What is the greatest common divisor of 318760998 and 6?
6
Calculate the highest common factor of 1062 and 1992548.
118
Calculate the greatest common factor of 8740 and 170810190.
4370
Calculate the highest common factor of 6131557 and 116.
29
Calculate the greatest common factor of 28347068 and 19114.
1006
What is the greatest common factor of 185036810 and 40?
10
What is the greatest common factor of 706027170 and 10540?
5270
What is the highest common divisor of 56644221 and 5916?
1479
What is the highest common divisor of 1420158295 and 6295?
6295
What is the highest common divisor of 788 and 71124?
4
What is the greatest common divisor of 50830 and 82654?
442
Calculate the highest common factor of 147205241 and 314.
157
What is the greatest common divisor of 230529970 and 22?
22
Calculate the highest common factor of 1798593 and 6.
3
What is the greatest common divisor of 13706645 and 32521?
1913
Calculate the highest common divisor of 15897054 and 26835.
5367
Calculate the greatest common factor of 2754 and 271809.
27
What is the greatest common divisor of 4472 and 686046166?
1118
What is the highest common factor of 4320 and 593220?
60
Calculate the highest common factor of 23840768 and 4989.
1663
What is the greatest common factor of 4422590 and 100110?
710
What is the highest common factor of 38178630 and 28?
14
Calculate the highest common factor of 9584798 and 167.
167
Calculate the highest common factor of 1377 and 1766300.
17
Calculate the greatest common divisor of 3231 and 112156985.
359
What is the greatest common factor of 15191 and 50468?
11
What is the greatest common factor of 2034 and 165600?
18
What is the greatest common divisor of 651 and 1901025?
21
Calculate the greatest common divisor of 18608 and 34967921.
1163
Calculate the greatest common divisor of 246182300 and 364.
364
Calculate the greatest common divisor of 105 and 11465970.
15
What is the highest common factor of 392 and 26685792?
392
Calculate the greatest common factor of 21 and 3972164.
7
Calculate the greatest common factor of 170 and 83825912.
34
Calculate the greatest common divisor of 2156 and 205437694.
1078
Calculate the greatest common factor of 92482632 and 12834.
414
Calculate the highest common factor of 54 and 9759825.
27
Calculate the greatest common factor of 2446553 and 32273.
59
What is the highest common divisor of 6913560 and 2805?
255
Calculate the greatest common factor of 41591 and 5708315.
199
Calculate the greatest common divisor of 228352 and 2192.
16
Calculate the highest common factor of 43542540 and 9.
9
Calculate the greatest common factor of 5957238 and 61393.
2117
What is the greatest common factor of 1725600 and 14?
2
Calculate the highest common divisor of 176660 and 2266.
22
Calculate the highest common divisor of 1390 and 20171402.
278
Calculate the highest common divisor of 4998844 and 479.
479
What is the highest common divisor of 18 and 8143458?
6
What is the greatest common divisor of 71764 and 700?
28
What is the greatest common factor of 5356 and 639668419?
1339
What is the greatest common divisor of 3872199 and 2739?
249
Calculate the greatest common divisor of 58484592 and 2268.
324
What is the highest common factor of 2601 and 68058?
9
Calculate the highest common divisor of 6913 and 178400.
223
What is the highest common factor of 32392008 and 1512?
216
What is the greatest common factor of 974 and 2472986?
974
What is the greatest common divisor of 3186437 and 7?
1
What is the highest common divisor of 772 and 44267445?
193
Calculate the highest common factor of 2176060705 and 805.
805
What is the greatest common factor of 76180922 and 184?
46
What is the highest common factor of 3271353495 and 3165?
3165
What is the highest common divisor of 22368571 and 404?
101
Calculate the highest common divisor of 120524825 and 730.
365
What is the greatest common factor of 35 and 2025708545?
35
What is the highest common factor of 21696 and 29858894?
226
Calculate the highest common divisor of 10855 and 60255.
65
Calculate the greatest common divisor of 4986 and 5182670.
554
What is the greatest common divisor of 5026320 and 129870?
3510
What is the highest common divisor of 797 and 35441793?
797
What is the highest common factor of 313693206 and 13605?
2721
Calculate the greatest common factor of 104266 and 44335594.
2818
Calculate the highest common factor of 30406 and 278809